{"id":1103,"date":"2022-06-10T10:32:12","date_gmt":"2022-06-10T07:32:12","guid":{"rendered":"http:\/\/dunyaengellilerspor.com\/?page_id=1103"},"modified":"2022-06-16T14:16:05","modified_gmt":"2022-06-16T11:16:05","slug":"baskan","status":"publish","type":"page","link":"https:\/\/dunyaengellilerspor.com\/index.php\/baskan\/","title":{"rendered":"Ba\u015fkan"},"content":{"rendered":"\n<p>D\u00fcnya Engelliler Spor Kul\u00fcb\u00fc Ba\u015fkan\u0131 <\/p>\n\n\n\n<p>Engin Parlak<\/p>\n\n\n\n<figure class=\"wp-block-image size-full\"><img loading=\"lazy\" decoding=\"async\" width=\"800\" height=\"795\" src=\"http:\/\/dunyaengellilerspor.com\/wp-content\/uploads\/2022\/06\/2022-06-10_10-30-51.png\" alt=\"\" class=\"wp-image-1104\" srcset=\"https:\/\/dunyaengellilerspor.com\/wp-content\/uploads\/2022\/06\/2022-06-10_10-30-51.png 800w, https:\/\/dunyaengellilerspor.com\/wp-content\/uploads\/2022\/06\/2022-06-10_10-30-51-300x298.png 300w, https:\/\/dunyaengellilerspor.com\/wp-content\/uploads\/2022\/06\/2022-06-10_10-30-51-150x150.png 150w, https:\/\/dunyaengellilerspor.com\/wp-content\/uploads\/2022\/06\/2022-06-10_10-30-51-768x763.png 768w\" sizes=\"(max-width: 800px) 100vw, 800px\" \/><\/figure>\n","protected":false},"excerpt":{"rendered":"<p>D\u00fcnya Engelliler Spor Kul\u00fcb\u00fc Ba\u015fkan\u0131 Engin Parlak<\/p>\n","protected":false},"author":1,"featured_media":0,"parent":0,"menu_order":0,"comment_status":"closed","ping_status":"closed","template":"","meta":{"footnotes":""},"_links":{"self":[{"href":"https:\/\/dunyaengellilerspor.com\/index.php\/wp-json\/wp\/v2\/pages\/1103"}],"collection":[{"href":"https:\/\/dunyaengellilerspor.com\/index.php\/wp-json\/wp\/v2\/pages"}],"about":[{"href":"https:\/\/dunyaengellilerspor.com\/index.php\/wp-json\/wp\/v2\/types\/page"}],"author":[{"embeddable":true,"href":"https:\/\/dunyaengellilerspor.com\/index.php\/wp-json\/wp\/v2\/users\/1"}],"replies":[{"embeddable":true,"href":"https:\/\/dunyaengellilerspor.com\/index.php\/wp-json\/wp\/v2\/comments?post=1103"}],"version-history":[{"count":1,"href":"https:\/\/dunyaengellilerspor.com\/index.php\/wp-json\/wp\/v2\/pages\/1103\/revisions"}],"predecessor-version":[{"id":1105,"href":"https:\/\/dunyaengellilerspor.com\/index.php\/wp-json\/wp\/v2\/pages\/1103\/revisions\/1105"}],"wp:attachment":[{"href":"https:\/\/dunyaengellilerspor.com\/index.php\/wp-json\/wp\/v2\/media?parent=1103"}],"curies":[{"name":"wp","href":"https:\/\/api.w.org\/{rel}","templated":true}]}}