{"id":1020,"date":"2022-06-10T09:00:21","date_gmt":"2022-06-10T06:00:21","guid":{"rendered":"http:\/\/dunyaengellilerspor.com\/index.php\/tiehome\/"},"modified":"2022-06-10T12:19:10","modified_gmt":"2022-06-10T09:19:10","slug":"tiehome","status":"publish","type":"page","link":"https:\/\/dunyaengellilerspor.com\/","title":{"rendered":"D\u00fcnya Engelliler Spor Kul\u00fcb\u00fc"},"content":{"rendered":"","protected":false},"excerpt":{"rendered":"","protected":false},"author":1,"featured_media":0,"parent":0,"menu_order":0,"comment_status":"closed","ping_status":"closed","template":"","meta":{"footnotes":""},"_links":{"self":[{"href":"https:\/\/dunyaengellilerspor.com\/index.php\/wp-json\/wp\/v2\/pages\/1020"}],"collection":[{"href":"https:\/\/dunyaengellilerspor.com\/index.php\/wp-json\/wp\/v2\/pages"}],"about":[{"href":"https:\/\/dunyaengellilerspor.com\/index.php\/wp-json\/wp\/v2\/types\/page"}],"author":[{"embeddable":true,"href":"https:\/\/dunyaengellilerspor.com\/index.php\/wp-json\/wp\/v2\/users\/1"}],"replies":[{"embeddable":true,"href":"https:\/\/dunyaengellilerspor.com\/index.php\/wp-json\/wp\/v2\/comments?post=1020"}],"version-history":[{"count":2,"href":"https:\/\/dunyaengellilerspor.com\/index.php\/wp-json\/wp\/v2\/pages\/1020\/revisions"}],"predecessor-version":[{"id":1159,"href":"https:\/\/dunyaengellilerspor.com\/index.php\/wp-json\/wp\/v2\/pages\/1020\/revisions\/1159"}],"wp:attachment":[{"href":"https:\/\/dunyaengellilerspor.com\/index.php\/wp-json\/wp\/v2\/media?parent=1020"}],"curies":[{"name":"wp","href":"https:\/\/api.w.org\/{rel}","templated":true}]}}